{"id":605,"date":"2018-02-02T14:59:10","date_gmt":"2018-02-02T14:59:10","guid":{"rendered":"http:\/\/maltespohr.de\/m\/?page_id=605"},"modified":"2026-01-25T18:31:37","modified_gmt":"2026-01-25T18:31:37","slug":"biografie","status":"publish","type":"page","link":"https:\/\/maltespohr.de\/m\/biografie\/","title":{"rendered":"Biografie"},"content":{"rendered":"\n<h5 class=\"wp-block-heading\" id=\"pdf-download\"><a href=\"http:\/\/maltespohr.de\/m\/wp-content\/uploads\/2018\/02\/Biografie_Malte_Spohr.pdf\">PDF Download<\/a><\/h5>\n\n\n\n<hr class=\"wp-block-separator has-css-opacity\"\/>\n\n\n\n<p>Malte Spohr<br><span class=\"mittel\">wird vertreten durch die Galerien:<br><a href=\"http:\/\/galeriewernerklein.de\/\">Werner Klein, K\u00f6ln<\/a><br><a href=\"http:\/\/galeriekondeyne.de\/\">Inga Kondeyne &#8211; Raum f\u00fcr Zeichnung, Berlin<\/a><\/span><\/p>\n\n\n\n<p class=\"has-medium-font-size\">1958<br>in Hamburg geboren<br>1982\u20131984<br>Studium an der Hochschule f\u00fcr angewandte Wissenschaften Hamburg bei Prof. Friedrich Einhoff<br>1984\u20131989<br>Studium an der Hochschule f\u00fcr Bildende K\u00fcnste Braunschweig Stipendiat der Studienstiftung des deutschen Volkes<br>1988\u20131990<br>Meistersch\u00fcler bei Prof. Heinz-G\u00fcnter Prager<br>Studienaufenthalt an der Universidad de Bellas Artes in Barcelona<br>1991<br>Reisestipendium der Studienstiftung des deutschen Volkes f\u00fcr Kreta, Malta und Sizilien<br>1992<br>erster Preis im Troph\u00e4enwettbewerb des Skulpturenmuseums Glaskasten, Marl<br>1997<br>Arbeitsstipendium der Stiftung Kulturfonds, Berlin<br>2000<br>Stipendiat der Stiftung Kulturfonds, Berlin, im K\u00fcnstlerhaus Ahrenshoop<br>2001<br>Projektf\u00f6rderung der Senatsverwaltung f\u00fcr Wissenschaft, Forschung und Kultur, Berlin<br>2004<br>Stipendium der Stiftung Kunstfonds, Bonn<br>2011<br>Vertretungsprofessur an der Hochschule f\u00fcr K\u00fcnste Bremen<\/p>\n\n\n\n<h6 class=\"wp-block-heading\" id=\"einzelausstellungen-katalog\">Einzelausstellungen (Katalog)<\/h6>\n\n\n\n<p>2023<br>Galerie Werner Klein, K\u00f6ln, <em>Malte Spohr. Augenblicke<\/em><br>2021<br>Hegenbarth Sammlung, Berlin, <em>Waldinneres Reloaded<\/em><br>2018<br>mpk \u2013 Museum Pfalzgalerie Kaiserslautern,<br><em>Malte Spohr. Aufzeichnungen 1994\u20132018<\/em> (K)<br>Galerie Werner Klein, K\u00f6ln, <em>Malte Spohr. Linie auf Linie<\/em><br>2017<br>Galerie Inga Kondeyne, Berlin, <em>Fiction Or Not<\/em> (mit Bettina Munk)<br>2016<br>C. G. Boerner, D\u00fcsseldorf, <em>Malte Spohr. Form und Struktur. Zeichnungen<\/em><br>2015 <br>Galerie Werner Klein, K\u00f6ln, <em>Malte Spohr. Zeichnungen<\/em> (K)<br>Galerie Dittmar, Berlin, <em>Malte Spohr. Zeichnungen<\/em><br>(mit Nora Schattauer; K)<br>2012<br>Galerie Werner Klein, K\u00f6ln, <em>Malte Spohr. Zeichnungen<\/em> (K)<br>2010<br>Fruehsorge Contemporary Drawings, Berlin, <em>Malte Spohr.<\/em><br><em>Tour d\u2019Horizon<\/em> (mit Corinne Laroche)<br>2009<br>Galerie Werner Klein, K\u00f6ln, <em>Malte Spohr. Zeichnungen<\/em><br>2008<br>Staatliche Kunsthalle Karlsruhe, <em>Malte Spohr. Am Horizont.<br>Zeichnungen und Photographie<\/em>n (K)<br>2007<br>Kunsthalle Bremen, <em>Malte Spohr. Am Horizont.<br>Zeichnungen und Photographien<\/em> (K)<br>2006<br>Galerie Werner Klein, K\u00f6ln, <em>Malte Spohr. Im Quadrat. Zeichnungen<\/em><br>Galerie f\u00fcr Zeichnung, Jan-Philipp Fr\u00fchsorge, Berlin, <em>Malte Spohr.<br>VON BEIDEN SEITEN<\/em><br>2005<br>Studio A Otterndorf, Museum gegenstandsfreier Kunst,<br><em>in einem garten an einem weg<\/em> (K)<br>2003<br>Kunstmuseum Bonn, <em>Zeichnung heute IV.<\/em> (K)<br>St\u00e4dtische Galerie im Lenbachhaus, M\u00fcnchen,<br><em>Malte Spohr. Zeichnungen<\/em><br>2002<br>Galerie Seitz &amp; Partner, Berlin, <em>NORTH by NORTHEAST<\/em><br>2001<br>museumsakademie berlin, <em>Galerie Helen Adkins, Zeichnungen<\/em> (K)<br>1999<br>museumsakademie berlin, Galerie Helen Adkins, <em>INLINES<\/em><br>Galerie Katrin Rabus, Bremen, <em>diagonal<\/em><br>1996<br>Braunschweiger Dom, Kunst im Dom (K)<br>Galerie Klaus Fischer, Berlin, <em>Berliner Zimmer<\/em><br>1995<br>Galerie Katrin Rabus, Bremen (K)<br>1994<br>Galerie Friebe, L\u00fcdenscheid<br>1993<br>Galerie Katrin Rabus, Bremen<\/p>\n\n\n\n<h6 class=\"wp-block-heading\" id=\"ausstellungsbeteiligungen-katalog\">Ausstellungsbeteiligungen (Katalog)<\/h6>\n\n\n\n<p>2026<br>Kunstverein Trier, <em>Gastspiel Werner Klein- Linien<\/em><br>2025<br>Galerie Inga Kondeyne, <em>Auf den Punkt gebracht | 45 Jahre Galeriearbeit<\/em><br>Galerie Werner Klein, K\u00f6ln, <em>WIR &#8211; 25 Jahre Galerie Werner Klein<\/em><br>2024<br>Galerie Werner Klein, K\u00f6ln, <em>Der direkte Blick<\/em><br>Kunstforum Ingelheim, <em>Fr\u00f6sche, Feuer, Finsternis &#8211; Aktuelle zeichnerische Positionen zu Jan Luyken 1649-1712<\/em> (K)<br>2023<br>K\u00fcnstler Gut Loitz, <em>Streifz\u00fcge in Futur II<\/em>, mit Bettina Munk (K)<br>2022<br>ZAK, Berlin, <em>\u00dcber die Zeichnung hinaus<\/em> (K)<br>St\u00e4dtische Museen Gera, Gera, <em>Medium Zeichnung. Zeitgen\u00f6ssische Positionen zur Zeichenkunst<\/em><br>Galerie Inga Kondeyne, Berlin, <em>gezeichnet<\/em> | <em>gedruckt<\/em> | <em>geschnitten<\/em> | <em>geknickt<\/em> | <em>gestempelt<\/em> + <em>gekauft<\/em><br>2021<br>Galerie Werner Klein, K\u00f6ln, <em>zusammen sehen<\/em><br>2020<br>Galerie Kondeyne, Berlin, <em>Schulterblick 40!<\/em> Jubil\u00e4umsausstellung<br>Berlinische Galerie, Berlin, <em>Gezeichnete Stadt<\/em> (K)<br>Galerie Werner Klein, K\u00f6ln,<em>2000-2020 20 Jahre <\/em>Jubil\u00e4umsausstellung<br>Galerie Inga Kondeyne, Berlin, <em>Mai Linien<\/em><br>Galerie Werner Klein, K\u00f6ln, <em>Die Vielfalt der Linie I<\/em><br>2018<br>PEAC<br>Paul Ege Art Collection, Freiburg<br>2017<br>Galerie Stihl, Waiblingen, <em>Die Linie ist Gedanke. Faszination Zeichnung<\/em><br>Kunstmuseum Bremerhaven, <em>Nord-West. Zeitgen\u00f6ssisch<\/em><br>2016<br>Hamburger Kunsthalle, <em>Zeichnungsr\u00e4ume. Positionen zeitgen\u00f6ssischer Graphik<\/em><br>Guardini Galerie, Berlin, <em>Palimpsest \u2013 Fleck \u2013 Punkt. Aufzeichnungen zur Zeitlichkeit<\/em><br>Adam Art Gallery, Wellington, Neuseeland, <em>Linie, Line, Linea<\/em> (K)<br>2015<br>The Russian Academy of Fine Arts Museum, Sankt Petersburg,<br>Russische F\u00f6deration, <em>Linie, Line, Linea<\/em> (K)<br>Berliner Dom, <em>Du sollst Dir (k)ein Bild machen.<\/em><br>Kunstwerke vom 11. Jahrhundert bis zur Gegenwart im Berliner Dom<br>Museum gegenstandsfreier Kunst, Otterndorf, <em>Wir k\u00f6nnen auch anders<\/em> (K)<br>2014<br>St\u00e4dtische Galerie Bietigheim-Bissingen, <em>Lass Dich von der Natur anwehen<\/em>.<br>Landschaftszeichnung der Romantik und Gegenwart (K)<br>Galerie Parterre, Berlin, <em>Zeichnung der Gegenwart<\/em> (K)<br>Galerie Margareta Friesen, Dresden, <em>YES.<\/em><br>Zeichnungen und Druckgraphik aus der Sammlung von Barbara und Stefan Weidle<br>2013<br>Centro de Arte Contempor\u00e1neo, Quito, Ecuador, <em>Linie, Line, Linea<\/em> (K)<br>Staatliche Museen zu Berlin, Kupferstichkabinett, <em>System und Sinnlichkeit<\/em> (K)<br>Kunsthalle Bremen, <em>Lass Dich von der Natur anwehen<\/em>.<br>Landschaftszeichnung der Romantik und Gegenwart (K)<br>Museum gegenstandsfreier Kunst, Otterndorf, <em>Wieder Sehen<\/em>.<br>Eine Ausstellung mit ausgew\u00e4hlten Ank\u00e4ufen aus den Jahren 2001\u20132013<br>2012<br>Museum Kunstpalast, D\u00fcsseldorf, <em>Aus Passion<\/em> (K)<br>Gesellschaft f\u00fcr Kunst und Gestaltung e. V., Bonn, horizontal<br>2011\/12<br>Museo nacional de artes visuales, Montevideo, Uruguay; Instituto<br>Cultural Caba\u00f1as, Guadalajara, Mexiko; Goethe-Institut, San Luis<br>Potos\u00ed, Mexiko, <em>Linie, Line, Linea<\/em> (K)<br>2011<br>Drawing Centre Diepenheim, Niederlande, <em>Tekenend voor Diepenheim<\/em> (K)<br>2010-2012<br>Ludwig Museum, Koblenz; Kunsthalle Dominikanerkirche, Osnabr\u00fcck;<br>Kunstfoyer Versicherungskammer Bayern, M\u00fcnchen; Stadtgalerie Kiel;<br>Galerie der Stadt Sindelfingen, <em>Berlin zeichnet<\/em> (K)<br>2010<br>Kunstmuseum Bonn, <em>Linie, Line, Linea<\/em> (K)<br>2009<br>Staatliche Kunsthalle Karlsruhe, <em>Vom Gl\u00fcck zu sammeln<\/em> (K)<br>oqbo, Berlin, <em>papieroffensiv<\/em><br>2008<br>Museum Folkwang, Essen, <em>Zeichnung als Prozess<\/em>.<br>Aktuelle Positionen der Grafik<br>Galerie Alexander Ochs, Berlin, <em>Die wahren Orte<\/em><br>2007\/08<br>Berlinische Galerie, Berlin, <em>Grafik im Licht<\/em><br>2007<br>Schlo\u00df Agathenburg, <em>de natura artis<\/em> (K)<\/p>\n\n\n\n<h6 class=\"wp-block-heading\" id=\"arbeiten-in-offentlichen-sammlungen\">Arbeiten in \u00f6ffentlichen Sammlungen<\/h6>\n\n\n\n<p class=\"has-medium-font-size\">Staatliche Museen zu Berlin, Kupferstichkabinett<br>Berlinische Galerie, Landesmuseum f\u00fcr Moderne Kunst,<br>Fotografie und Architektur<br>Artothek, Neuer Berliner Kunstverein<br>Kunstmuseum Bonn<br>Kunsthalle Bremen<br>Bremer Landesbank<br>Museum Kunstpalast, D\u00fcsseldorf, Sammlung Hanck<br>Hamburger Kunsthalle, Kupferstichkabinett<br>Staatliche Kunsthalle Karlsruhe<br>Skulpturenmuseum Glaskasten, Marl<br>Staatliche Graphische Sammlung M\u00fcnchen<br>Museum gegenstandsfreier Kunst, Otterndorf<br>ifa, Institut f\u00fcr Auslandsbeziehungen, Stuttgart<\/p>\n","protected":false},"excerpt":{"rendered":"<p>PDF Download Malte Spohrwird vertreten durch die Galerien:Werner Klein, K\u00f6lnInga Kondeyne &#8211; Raum f\u00fcr Zeichnung, Berlin 1958in Hamburg geboren1982\u20131984Studium an der Hochschule f\u00fcr angewandte Wissenschaften Hamburg bei Prof. Friedrich Einhoff1984\u20131989Studium an der Hochschule f\u00fcr Bildende K\u00fcnste Braunschweig Stipendiat der Studienstiftung des deutschen Volkes1988\u20131990Meistersch\u00fcler bei Prof. Heinz-G\u00fcnter PragerStudienaufenthalt an der Universidad de Bellas Artes in Barcelona1991Reisestipendium [&hellip;]<\/p>\n","protected":false},"author":1,"featured_media":0,"parent":0,"menu_order":0,"comment_status":"closed","ping_status":"closed","template":"","meta":{"footnotes":""},"class_list":["post-605","page","type-page","status-publish","hentry","gallery-content-unit"],"_links":{"self":[{"href":"https:\/\/maltespohr.de\/m\/wp-json\/wp\/v2\/pages\/605","targetHints":{"allow":["GET"]}}],"collection":[{"href":"https:\/\/maltespohr.de\/m\/wp-json\/wp\/v2\/pages"}],"about":[{"href":"https:\/\/maltespohr.de\/m\/wp-json\/wp\/v2\/types\/page"}],"author":[{"embeddable":true,"href":"https:\/\/maltespohr.de\/m\/wp-json\/wp\/v2\/users\/1"}],"replies":[{"embeddable":true,"href":"https:\/\/maltespohr.de\/m\/wp-json\/wp\/v2\/comments?post=605"}],"version-history":[{"count":66,"href":"https:\/\/maltespohr.de\/m\/wp-json\/wp\/v2\/pages\/605\/revisions"}],"predecessor-version":[{"id":1529,"href":"https:\/\/maltespohr.de\/m\/wp-json\/wp\/v2\/pages\/605\/revisions\/1529"}],"wp:attachment":[{"href":"https:\/\/maltespohr.de\/m\/wp-json\/wp\/v2\/media?parent=605"}],"curies":[{"name":"wp","href":"https:\/\/api.w.org\/{rel}","templated":true}]}}

<h5 class="wp-block-heading" id="pdf-download"><a href="http://maltespohr.de/m/wp-content/uploads/2018/02/Biografie_Malte_Spohr.pdf">PDF Download</a></h5>



<hr class="wp-block-separator has-css-opacity"/>



<p>Malte Spohr<br><span class="mittel">wird vertreten durch die Galerien:<br><a href="http://galeriewernerklein.de/">Werner Klein, Köln</a><br><a href="http://galeriekondeyne.de/">Inga Kondeyne &#8211; Raum für Zeichnung, Berlin</a></span></p>



<p class="has-medium-font-size">1958<br>in Hamburg geboren<br>1982–1984<br>Studium an der Hochschule für angewandte Wissenschaften Hamburg bei Prof. Friedrich Einhoff<br>1984–1989<br>Studium an der Hochschule für Bildende Künste Braunschweig Stipendiat der Studienstiftung des deutschen Volkes<br>1988–1990<br>Meisterschüler bei Prof. Heinz-Günter Prager<br>Studienaufenthalt an der Universidad de Bellas Artes in Barcelona<br>1991<br>Reisestipendium der Studienstiftung des deutschen Volkes für Kreta, Malta und Sizilien<br>1992<br>erster Preis im Trophäenwettbewerb des Skulpturenmuseums Glaskasten, Marl<br>1997<br>Arbeitsstipendium der Stiftung Kulturfonds, Berlin<br>2000<br>Stipendiat der Stiftung Kulturfonds, Berlin, im Künstlerhaus Ahrenshoop<br>2001<br>Projektförderung der Senatsverwaltung für Wissenschaft, Forschung und Kultur, Berlin<br>2004<br>Stipendium der Stiftung Kunstfonds, Bonn<br>2011<br>Vertretungsprofessur an der Hochschule für Künste Bremen</p>



<h6 class="wp-block-heading" id="einzelausstellungen-katalog">Einzelausstellungen (Katalog)</h6>



<p>2023<br>Galerie Werner Klein, Köln, <em>Malte Spohr. Augenblicke</em><br>2021<br>Hegenbarth Sammlung, Berlin, <em>Waldinneres Reloaded</em><br>2018<br>mpk – Museum Pfalzgalerie Kaiserslautern,<br><em>Malte Spohr. Aufzeichnungen 1994–2018</em> (K)<br>Galerie Werner Klein, Köln, <em>Malte Spohr. Linie auf Linie</em><br>2017<br>Galerie Inga Kondeyne, Berlin, <em>Fiction Or Not</em> (mit Bettina Munk)<br>2016<br>C. G. Boerner, Düsseldorf, <em>Malte Spohr. Form und Struktur. Zeichnungen</em><br>2015 <br>Galerie Werner Klein, Köln, <em>Malte Spohr. Zeichnungen</em> (K)<br>Galerie Dittmar, Berlin, <em>Malte Spohr. Zeichnungen</em><br>(mit Nora Schattauer; K)<br>2012<br>Galerie Werner Klein, Köln, <em>Malte Spohr. Zeichnungen</em> (K)<br>2010<br>Fruehsorge Contemporary Drawings, Berlin, <em>Malte Spohr.</em><br><em>Tour d’Horizon</em> (mit Corinne Laroche)<br>2009<br>Galerie Werner Klein, Köln, <em>Malte Spohr. Zeichnungen</em><br>2008<br>Staatliche Kunsthalle Karlsruhe, <em>Malte Spohr. Am Horizont.<br>Zeichnungen und Photographie</em>n (K)<br>2007<br>Kunsthalle Bremen, <em>Malte Spohr. Am Horizont.<br>Zeichnungen und Photographien</em> (K)<br>2006<br>Galerie Werner Klein, Köln, <em>Malte Spohr. Im Quadrat. Zeichnungen</em><br>Galerie für Zeichnung, Jan-Philipp Frühsorge, Berlin, <em>Malte Spohr.<br>VON BEIDEN SEITEN</em><br>2005<br>Studio A Otterndorf, Museum gegenstandsfreier Kunst,<br><em>in einem garten an einem weg</em> (K)<br>2003<br>Kunstmuseum Bonn, <em>Zeichnung heute IV.</em> (K)<br>Städtische Galerie im Lenbachhaus, München,<br><em>Malte Spohr. Zeichnungen</em><br>2002<br>Galerie Seitz &amp; Partner, Berlin, <em>NORTH by NORTHEAST</em><br>2001<br>museumsakademie berlin, <em>Galerie Helen Adkins, Zeichnungen</em> (K)<br>1999<br>museumsakademie berlin, Galerie Helen Adkins, <em>INLINES</em><br>Galerie Katrin Rabus, Bremen, <em>diagonal</em><br>1996<br>Braunschweiger Dom, Kunst im Dom (K)<br>Galerie Klaus Fischer, Berlin, <em>Berliner Zimmer</em><br>1995<br>Galerie Katrin Rabus, Bremen (K)<br>1994<br>Galerie Friebe, Lüdenscheid<br>1993<br>Galerie Katrin Rabus, Bremen</p>



<h6 class="wp-block-heading" id="ausstellungsbeteiligungen-katalog">Ausstellungsbeteiligungen (Katalog)</h6>



<p>2026<br>Kunstverein Trier, <em>Gastspiel Werner Klein- Linien</em><br>2025<br>Galerie Inga Kondeyne, <em>Auf den Punkt gebracht | 45 Jahre Galeriearbeit</em><br>Galerie Werner Klein, Köln, <em>WIR &#8211; 25 Jahre Galerie Werner Klein</em><br>2024<br>Galerie Werner Klein, Köln, <em>Der direkte Blick</em><br>Kunstforum Ingelheim, <em>Frösche, Feuer, Finsternis &#8211; Aktuelle zeichnerische Positionen zu Jan Luyken 1649-1712</em> (K)<br>2023<br>Künstler Gut Loitz, <em>Streifzüge in Futur II</em>, mit Bettina Munk (K)<br>2022<br>ZAK, Berlin, <em>Über die Zeichnung hinaus</em> (K)<br>Städtische Museen Gera, Gera, <em>Medium Zeichnung. Zeitgenössische Positionen zur Zeichenkunst</em><br>Galerie Inga Kondeyne, Berlin, <em>gezeichnet</em> | <em>gedruckt</em> | <em>geschnitten</em> | <em>geknickt</em> | <em>gestempelt</em> + <em>gekauft</em><br>2021<br>Galerie Werner Klein, Köln, <em>zusammen sehen</em><br>2020<br>Galerie Kondeyne, Berlin, <em>Schulterblick 40!</em> Jubiläumsausstellung<br>Berlinische Galerie, Berlin, <em>Gezeichnete Stadt</em> (K)<br>Galerie Werner Klein, Köln,<em>2000-2020 20 Jahre </em>Jubiläumsausstellung<br>Galerie Inga Kondeyne, Berlin, <em>Mai Linien</em><br>Galerie Werner Klein, Köln, <em>Die Vielfalt der Linie I</em><br>2018<br>PEAC<br>Paul Ege Art Collection, Freiburg<br>2017<br>Galerie Stihl, Waiblingen, <em>Die Linie ist Gedanke. Faszination Zeichnung</em><br>Kunstmuseum Bremerhaven, <em>Nord-West. Zeitgenössisch</em><br>2016<br>Hamburger Kunsthalle, <em>Zeichnungsräume. Positionen zeitgenössischer Graphik</em><br>Guardini Galerie, Berlin, <em>Palimpsest – Fleck – Punkt. Aufzeichnungen zur Zeitlichkeit</em><br>Adam Art Gallery, Wellington, Neuseeland, <em>Linie, Line, Linea</em> (K)<br>2015<br>The Russian Academy of Fine Arts Museum, Sankt Petersburg,<br>Russische Föderation, <em>Linie, Line, Linea</em> (K)<br>Berliner Dom, <em>Du sollst Dir (k)ein Bild machen.</em><br>Kunstwerke vom 11. Jahrhundert bis zur Gegenwart im Berliner Dom<br>Museum gegenstandsfreier Kunst, Otterndorf, <em>Wir können auch anders</em> (K)<br>2014<br>Städtische Galerie Bietigheim-Bissingen, <em>Lass Dich von der Natur anwehen</em>.<br>Landschaftszeichnung der Romantik und Gegenwart (K)<br>Galerie Parterre, Berlin, <em>Zeichnung der Gegenwart</em> (K)<br>Galerie Margareta Friesen, Dresden, <em>YES.</em><br>Zeichnungen und Druckgraphik aus der Sammlung von Barbara und Stefan Weidle<br>2013<br>Centro de Arte Contemporáneo, Quito, Ecuador, <em>Linie, Line, Linea</em> (K)<br>Staatliche Museen zu Berlin, Kupferstichkabinett, <em>System und Sinnlichkeit</em> (K)<br>Kunsthalle Bremen, <em>Lass Dich von der Natur anwehen</em>.<br>Landschaftszeichnung der Romantik und Gegenwart (K)<br>Museum gegenstandsfreier Kunst, Otterndorf, <em>Wieder Sehen</em>.<br>Eine Ausstellung mit ausgewählten Ankäufen aus den Jahren 2001–2013<br>2012<br>Museum Kunstpalast, Düsseldorf, <em>Aus Passion</em> (K)<br>Gesellschaft für Kunst und Gestaltung e. V., Bonn, horizontal<br>2011/12<br>Museo nacional de artes visuales, Montevideo, Uruguay; Instituto<br>Cultural Cabañas, Guadalajara, Mexiko; Goethe-Institut, San Luis<br>Potosí, Mexiko, <em>Linie, Line, Linea</em> (K)<br>2011<br>Drawing Centre Diepenheim, Niederlande, <em>Tekenend voor Diepenheim</em> (K)<br>2010-2012<br>Ludwig Museum, Koblenz; Kunsthalle Dominikanerkirche, Osnabrück;<br>Kunstfoyer Versicherungskammer Bayern, München; Stadtgalerie Kiel;<br>Galerie der Stadt Sindelfingen, <em>Berlin zeichnet</em> (K)<br>2010<br>Kunstmuseum Bonn, <em>Linie, Line, Linea</em> (K)<br>2009<br>Staatliche Kunsthalle Karlsruhe, <em>Vom Glück zu sammeln</em> (K)<br>oqbo, Berlin, <em>papieroffensiv</em><br>2008<br>Museum Folkwang, Essen, <em>Zeichnung als Prozess</em>.<br>Aktuelle Positionen der Grafik<br>Galerie Alexander Ochs, Berlin, <em>Die wahren Orte</em><br>2007/08<br>Berlinische Galerie, Berlin, <em>Grafik im Licht</em><br>2007<br>Schloß Agathenburg, <em>de natura artis</em> (K)</p>



<h6 class="wp-block-heading" id="arbeiten-in-offentlichen-sammlungen">Arbeiten in öffentlichen Sammlungen</h6>



<p class="has-medium-font-size">Staatliche Museen zu Berlin, Kupferstichkabinett<br>Berlinische Galerie, Landesmuseum für Moderne Kunst,<br>Fotografie und Architektur<br>Artothek, Neuer Berliner Kunstverein<br>Kunstmuseum Bonn<br>Kunsthalle Bremen<br>Bremer Landesbank<br>Museum Kunstpalast, Düsseldorf, Sammlung Hanck<br>Hamburger Kunsthalle, Kupferstichkabinett<br>Staatliche Kunsthalle Karlsruhe<br>Skulpturenmuseum Glaskasten, Marl<br>Staatliche Graphische Sammlung München<br>Museum gegenstandsfreier Kunst, Otterndorf<br>ifa, Institut für Auslandsbeziehungen, Stuttgart</p>

<p>PDF Download Malte Spohrwird vertreten durch die Galerien:Werner Klein, KölnInga Kondeyne &#8211; Raum für Zeichnung, Berlin 1958in Hamburg geboren1982–1984Studium an der Hochschule für angewandte Wissenschaften Hamburg bei Prof. Friedrich Einhoff1984–1989Studium an der Hochschule für Bildende Künste Braunschweig Stipendiat der Studienstiftung des deutschen Volkes1988–1990Meisterschüler bei Prof. Heinz-Günter PragerStudienaufenthalt an der Universidad de Bellas Artes in Barcelona1991Reisestipendium [&hellip;]</p>
