{"id":72,"date":"2017-11-09T11:07:35","date_gmt":"2017-11-09T11:07:35","guid":{"rendered":"http:\/\/maltespohr.de\/m\/?page_id=72"},"modified":"2026-01-25T17:21:00","modified_gmt":"2026-01-25T17:21:00","slug":"serie-s-n-ea-2002","status":"publish","type":"page","link":"https:\/\/maltespohr.de\/m\/zeichnungen\/serie-s-n-ea-2002\/","title":{"rendered":"2002 \/ 2003 Serie s.n. &#8211; ea"},"content":{"rendered":"<div class=\"wp-block-image\">\n<figure class=\"alignleft\"><a href=\"http:\/\/maltespohr.de\/m\/zeichnungen\/serie-g-l-2004-2005-2006\/\"><img loading=\"lazy\" decoding=\"async\" width=\"22\" height=\"34\" src=\"http:\/\/maltespohr.de\/m\/wp-content\/uploads\/2018\/02\/links_0.png\" alt=\"back\" class=\"wp-image-801\"\/><\/a><\/figure>\n<\/div>\n\n<div class=\"wp-block-image\">\n<figure class=\"alignright\"><a href=\"http:\/\/maltespohr.de\/m\/zeichnungen\/serie-cps-2000-2001\/\"><img loading=\"lazy\" decoding=\"async\" width=\"22\" height=\"34\" src=\"http:\/\/maltespohr.de\/m\/wp-content\/uploads\/2018\/02\/right_0.png\" alt=\"weiter\" class=\"wp-image-804\"\/><\/a><\/figure>\n<\/div>\n\n\n<div style=\"height:10px\" aria-hidden=\"true\" class=\"wp-block-spacer\"><\/div>\n\n\n\n<figure class=\"wp-block-image\"><a href=\"#gallery-586\"><img loading=\"lazy\" decoding=\"async\" width=\"725\" height=\"1024\" src=\"http:\/\/maltespohr.de\/m\/wp-content\/uploads\/2018\/02\/2003_sn-ea_VIII-725x1024.jpg\" alt=\"\" class=\"wp-image-588\"\/><\/a><\/figure>\n\n\n\n<p>Ebenfalls neueren Datums ist der Einsatz eines blauen Farbstiftes, der zun\u00e4chst in Kombination mit dem schwarzen Bleistift, nun mitunter aber auch als alleiniges Zeicheninstrument von Malte Spohr verwendet wird. [&#8230;] In jedem Fall verst\u00e4rken diese in Blau getauchten Darstellungen den Eindruck einer medialen Brechnung und \u00fcberf\u00fchren allein deshalb die Unmittelbarkeit der anschaulichen Wahrnehmung in eine intellektuelle Distanz, die sich des Gesehenen reflexiv erst vergewissern muss. <\/p>\n\n\n\n<p><\/p>\n\n\n\n<p>Malte Spohrs Ansatz geht jedoch noch weiter und er\u00f6ffnet bei seiner Thematisierung der Medialit\u00e4t der Wahrnehmung eine \u00fcberaus zeitgem\u00e4\u00dfe \u00e4sthetische Erfahrung. Denn in diesen Bl\u00e4ttern offenbart sich eine Reflexion des Sehens im 21. Jahrhundert mit den klassischen Mitteln des Bleistifts ohne dabei auf ein digitales Medium angewiesen zu sein: die Zeichnung lebt!<br>\n<span class=\"klein\">Stefan Gronert <em>Mit dem Bleistift fotografieren<\/em> in: Malte Spohr, Zeichnung heute IV (Ausst.-Kat.) Kunstmuseum Bonn, 2003<\/span><\/p>\n","protected":false},"excerpt":{"rendered":"<p>Ebenfalls neueren Datums ist der Einsatz eines blauen Farbstiftes, der zun\u00e4chst in Kombination mit dem schwarzen Bleistift, nun mitunter aber auch als alleiniges Zeicheninstrument von Malte Spohr verwendet wird. [&#8230;] In jedem Fall verst\u00e4rken diese in Blau getauchten Darstellungen den Eindruck einer medialen Brechnung und \u00fcberf\u00fchren allein deshalb die Unmittelbarkeit der anschaulichen Wahrnehmung in eine [&hellip;]<\/p>\n","protected":false},"author":1,"featured_media":0,"parent":471,"menu_order":0,"comment_status":"closed","ping_status":"closed","template":"","meta":{"footnotes":""},"class_list":["post-72","page","type-page","status-publish","hentry","gallery-content-unit"],"_links":{"self":[{"href":"https:\/\/maltespohr.de\/m\/wp-json\/wp\/v2\/pages\/72","targetHints":{"allow":["GET"]}}],"collection":[{"href":"https:\/\/maltespohr.de\/m\/wp-json\/wp\/v2\/pages"}],"about":[{"href":"https:\/\/maltespohr.de\/m\/wp-json\/wp\/v2\/types\/page"}],"author":[{"embeddable":true,"href":"https:\/\/maltespohr.de\/m\/wp-json\/wp\/v2\/users\/1"}],"replies":[{"embeddable":true,"href":"https:\/\/maltespohr.de\/m\/wp-json\/wp\/v2\/comments?post=72"}],"version-history":[{"count":18,"href":"https:\/\/maltespohr.de\/m\/wp-json\/wp\/v2\/pages\/72\/revisions"}],"predecessor-version":[{"id":1509,"href":"https:\/\/maltespohr.de\/m\/wp-json\/wp\/v2\/pages\/72\/revisions\/1509"}],"up":[{"embeddable":true,"href":"https:\/\/maltespohr.de\/m\/wp-json\/wp\/v2\/pages\/471"}],"wp:attachment":[{"href":"https:\/\/maltespohr.de\/m\/wp-json\/wp\/v2\/media?parent=72"}],"curies":[{"name":"wp","href":"https:\/\/api.w.org\/{rel}","templated":true}]}}

<div class="wp-block-image">
<figure class="alignleft"><a href="http://maltespohr.de/m/zeichnungen/serie-g-l-2004-2005-2006/"><img loading="lazy" decoding="async" width="22" height="34" src="http://maltespohr.de/m/wp-content/uploads/2018/02/links_0.png" alt="back" class="wp-image-801"/></a></figure>
</div>

<div class="wp-block-image">
<figure class="alignright"><a href="http://maltespohr.de/m/zeichnungen/serie-cps-2000-2001/"><img loading="lazy" decoding="async" width="22" height="34" src="http://maltespohr.de/m/wp-content/uploads/2018/02/right_0.png" alt="weiter" class="wp-image-804"/></a></figure>
</div>


<div style="height:10px" aria-hidden="true" class="wp-block-spacer"></div>



<figure class="wp-block-image"><a href="#gallery-586"><img loading="lazy" decoding="async" width="725" height="1024" src="http://maltespohr.de/m/wp-content/uploads/2018/02/2003_sn-ea_VIII-725x1024.jpg" alt="" class="wp-image-588"/></a></figure>



<p>Ebenfalls neueren Datums ist der Einsatz eines blauen Farbstiftes, der zunächst in Kombination mit dem schwarzen Bleistift, nun mitunter aber auch als alleiniges Zeicheninstrument von Malte Spohr verwendet wird. [&#8230;] In jedem Fall verstärken diese in Blau getauchten Darstellungen den Eindruck einer medialen Brechnung und überführen allein deshalb die Unmittelbarkeit der anschaulichen Wahrnehmung in eine intellektuelle Distanz, die sich des Gesehenen reflexiv erst vergewissern muss. </p>



<p></p>



<p>Malte Spohrs Ansatz geht jedoch noch weiter und eröffnet bei seiner Thematisierung der Medialität der Wahrnehmung eine überaus zeitgemäße ästhetische Erfahrung. Denn in diesen Blättern offenbart sich eine Reflexion des Sehens im 21. Jahrhundert mit den klassischen Mitteln des Bleistifts ohne dabei auf ein digitales Medium angewiesen zu sein: die Zeichnung lebt!<br>
<span class="klein">Stefan Gronert <em>Mit dem Bleistift fotografieren</em> in: Malte Spohr, Zeichnung heute IV (Ausst.-Kat.) Kunstmuseum Bonn, 2003</span></p>

<p>Ebenfalls neueren Datums ist der Einsatz eines blauen Farbstiftes, der zunächst in Kombination mit dem schwarzen Bleistift, nun mitunter aber auch als alleiniges Zeicheninstrument von Malte Spohr verwendet wird. [&#8230;] In jedem Fall verstärken diese in Blau getauchten Darstellungen den Eindruck einer medialen Brechnung und überführen allein deshalb die Unmittelbarkeit der anschaulichen Wahrnehmung in eine [&hellip;]</p>
