{"id":94,"date":"2017-11-09T11:22:31","date_gmt":"2017-11-09T11:22:31","guid":{"rendered":"http:\/\/maltespohr.de\/m\/?page_id=94"},"modified":"2026-01-25T17:19:09","modified_gmt":"2026-01-25T17:19:09","slug":"serie-pw-2016-2017","status":"publish","type":"page","link":"https:\/\/maltespohr.de\/m\/zeichnungen\/serie-pw-2016-2017\/","title":{"rendered":"2016 Serie pw"},"content":{"rendered":"<div class=\"wp-block-image\">\n<figure class=\"alignleft\"><a href=\"http:\/\/maltespohr.de\/m\/2017-2018-serie-pw\/\"><img loading=\"lazy\" decoding=\"async\" width=\"22\" height=\"34\" src=\"http:\/\/maltespohr.de\/m\/wp-content\/uploads\/2018\/02\/links_0.png\" alt=\"back\" class=\"wp-image-801\"\/><\/a><\/figure>\n<\/div>\n\n<div class=\"wp-block-image\">\n<figure class=\"alignright\"><a href=\"http:\/\/maltespohr.de\/m\/zeichnungen\/serie-sw-2013-2014-2015\/\"><img loading=\"lazy\" decoding=\"async\" width=\"22\" height=\"34\" src=\"http:\/\/maltespohr.de\/m\/wp-content\/uploads\/2018\/02\/right_0.png\" alt=\"weiter\" class=\"wp-image-804\"\/><\/a><\/figure>\n<\/div>\n\n\n<div style=\"height:10px\" aria-hidden=\"true\" class=\"wp-block-spacer\"><\/div>\n\n\n\n<figure class=\"wp-block-gallery has-nested-images columns-3 is-cropped wp-block-gallery-1 is-layout-flex wp-block-gallery-is-layout-flex\">\n<figure class=\"wp-block-image size-large\"><img loading=\"lazy\" decoding=\"async\" width=\"1024\" height=\"387\" data-id=\"413\" src=\"https:\/\/maltespohr.de\/m\/wp-content\/uploads\/2018\/01\/2016_pw_A-e1516233008344-1024x387.jpg\" alt=\"pw A 2016\" class=\"wp-image-413\" srcset=\"https:\/\/maltespohr.de\/m\/wp-content\/uploads\/2018\/01\/2016_pw_A-e1516233008344-1024x387.jpg 1024w, https:\/\/maltespohr.de\/m\/wp-content\/uploads\/2018\/01\/2016_pw_A-e1516233008344-300x113.jpg 300w, https:\/\/maltespohr.de\/m\/wp-content\/uploads\/2018\/01\/2016_pw_A-e1516233008344-768x290.jpg 768w, https:\/\/maltespohr.de\/m\/wp-content\/uploads\/2018\/01\/2016_pw_A-e1516233008344.jpg 1600w\" sizes=\"auto, (max-width: 1024px) 100vw, 1024px\" \/><\/figure>\n<\/figure>\n\n\n\n<p>Das wachsende Eigenleben der begonnenen Zeichnung dr\u00e4ngt Spohr nicht zur\u00fcck, sondern l\u00e4sst zu, dass es die Zeichnung mitgestaltet. In seinen differenzierten und zugleich undefinierbaren Zeichnungen findet sich die aus der Quantenphysik bekannte Gleichzeitigkeit von mehreren Zust\u00e4nden wieder, das Sowohl-als-Auch steckt in der Parallelit\u00e4t von streng Konzeptuellem und frei Zuf\u00e4lligem.<br>\n<span class=\"klein\">Mechthild Achelwilm <em>Zufall und Ordnung<\/em> in: Zeichnungsr\u00e4ume, Positionen zeitgen\u00f6ssischer Graphik (Ausst.-Kat.)<br>\nHamburger Kunsthalle, 2016<\/span><\/p>\n\n\n\n<figure class=\"wp-block-gallery has-nested-images columns-3 is-cropped wp-block-gallery-2 is-layout-flex wp-block-gallery-is-layout-flex\">\n<figure class=\"wp-block-image size-large\"><a href=\"https:\/\/maltespohr.de\/m\/wp-content\/uploads\/2017\/11\/2016-pw-BIII-e1516215318811.jpg\"><img loading=\"lazy\" decoding=\"async\" width=\"1022\" height=\"1024\" data-id=\"171\" src=\"https:\/\/maltespohr.de\/m\/wp-content\/uploads\/2017\/11\/2016-pw-BIII-e1516215318811-1022x1024.jpg\" alt=\"pw B III 2016\" class=\"wp-image-171\" srcset=\"https:\/\/maltespohr.de\/m\/wp-content\/uploads\/2017\/11\/2016-pw-BIII-e1516215318811-1022x1024.jpg 1022w, https:\/\/maltespohr.de\/m\/wp-content\/uploads\/2017\/11\/2016-pw-BIII-e1516215318811-150x150.jpg 150w, https:\/\/maltespohr.de\/m\/wp-content\/uploads\/2017\/11\/2016-pw-BIII-e1516215318811-300x300.jpg 300w, https:\/\/maltespohr.de\/m\/wp-content\/uploads\/2017\/11\/2016-pw-BIII-e1516215318811-768x770.jpg 768w, https:\/\/maltespohr.de\/m\/wp-content\/uploads\/2017\/11\/2016-pw-BIII-e1516215318811-256x256.jpg 256w, https:\/\/maltespohr.de\/m\/wp-content\/uploads\/2017\/11\/2016-pw-BIII-e1516215318811.jpg 1395w\" sizes=\"auto, (max-width: 1022px) 100vw, 1022px\" \/><\/a><\/figure>\n\n\n\n<figure class=\"wp-block-image size-large\"><a href=\"https:\/\/maltespohr.de\/m\/wp-content\/uploads\/2017\/11\/2016-pw-BIV-e1516230078692.jpg\"><img loading=\"lazy\" decoding=\"async\" width=\"1024\" height=\"1009\" data-id=\"172\" src=\"https:\/\/maltespohr.de\/m\/wp-content\/uploads\/2017\/11\/2016-pw-BIV-e1516230078692-1024x1009.jpg\" alt=\"pw B IV 2016\" class=\"wp-image-172\" srcset=\"https:\/\/maltespohr.de\/m\/wp-content\/uploads\/2017\/11\/2016-pw-BIV-e1516230078692-1024x1009.jpg 1024w, https:\/\/maltespohr.de\/m\/wp-content\/uploads\/2017\/11\/2016-pw-BIV-e1516230078692-300x296.jpg 300w, https:\/\/maltespohr.de\/m\/wp-content\/uploads\/2017\/11\/2016-pw-BIV-e1516230078692-768x757.jpg 768w, https:\/\/maltespohr.de\/m\/wp-content\/uploads\/2017\/11\/2016-pw-BIV-e1516230078692.jpg 1492w\" sizes=\"auto, (max-width: 1024px) 100vw, 1024px\" \/><\/a><\/figure>\n\n\n\n<figure class=\"wp-block-image size-large\"><a href=\"https:\/\/maltespohr.de\/m\/wp-content\/uploads\/2017\/11\/2016-pw-D-e1516216268382.jpg\"><img loading=\"lazy\" decoding=\"async\" width=\"1024\" height=\"1016\" data-id=\"168\" src=\"https:\/\/maltespohr.de\/m\/wp-content\/uploads\/2017\/11\/2016-pw-D-e1516216268382-1024x1016.jpg\" alt=\"pw D 2016\" class=\"wp-image-168\" srcset=\"https:\/\/maltespohr.de\/m\/wp-content\/uploads\/2017\/11\/2016-pw-D-e1516216268382-1024x1016.jpg 1024w, https:\/\/maltespohr.de\/m\/wp-content\/uploads\/2017\/11\/2016-pw-D-e1516216268382-150x150.jpg 150w, https:\/\/maltespohr.de\/m\/wp-content\/uploads\/2017\/11\/2016-pw-D-e1516216268382-300x298.jpg 300w, https:\/\/maltespohr.de\/m\/wp-content\/uploads\/2017\/11\/2016-pw-D-e1516216268382-768x762.jpg 768w, https:\/\/maltespohr.de\/m\/wp-content\/uploads\/2017\/11\/2016-pw-D-e1516216268382.jpg 1402w\" sizes=\"auto, (max-width: 1024px) 100vw, 1024px\" \/><\/a><\/figure>\n\n\n\n<figure class=\"wp-block-image size-large\"><a href=\"https:\/\/maltespohr.de\/m\/wp-content\/uploads\/2017\/11\/2016-pw-B-e1516231112278.jpg\"><img loading=\"lazy\" decoding=\"async\" width=\"1024\" height=\"1019\" data-id=\"164\" src=\"https:\/\/maltespohr.de\/m\/wp-content\/uploads\/2017\/11\/2016-pw-B-e1516231112278-1024x1019.jpg\" alt=\"pw B 2016\" class=\"wp-image-164\" srcset=\"https:\/\/maltespohr.de\/m\/wp-content\/uploads\/2017\/11\/2016-pw-B-e1516231112278-1024x1019.jpg 1024w, https:\/\/maltespohr.de\/m\/wp-content\/uploads\/2017\/11\/2016-pw-B-e1516231112278-150x150.jpg 150w, https:\/\/maltespohr.de\/m\/wp-content\/uploads\/2017\/11\/2016-pw-B-e1516231112278-300x298.jpg 300w, https:\/\/maltespohr.de\/m\/wp-content\/uploads\/2017\/11\/2016-pw-B-e1516231112278-768x764.jpg 768w, https:\/\/maltespohr.de\/m\/wp-content\/uploads\/2017\/11\/2016-pw-B-e1516231112278-256x256.jpg 256w, https:\/\/maltespohr.de\/m\/wp-content\/uploads\/2017\/11\/2016-pw-B-e1516231112278.jpg 1500w\" sizes=\"auto, (max-width: 1024px) 100vw, 1024px\" \/><\/a><\/figure>\n\n\n\n<figure class=\"wp-block-image size-large\"><a href=\"https:\/\/maltespohr.de\/m\/wp-content\/uploads\/2017\/11\/2016-pw-BI-e1517824109815.jpg\"><img loading=\"lazy\" decoding=\"async\" width=\"1024\" height=\"1018\" data-id=\"165\" src=\"https:\/\/maltespohr.de\/m\/wp-content\/uploads\/2017\/11\/2016-pw-BI-e1517824109815-1024x1018.jpg\" alt=\"pw B I 2016\" class=\"wp-image-165\" srcset=\"https:\/\/maltespohr.de\/m\/wp-content\/uploads\/2017\/11\/2016-pw-BI-e1517824109815-1024x1018.jpg 1024w, https:\/\/maltespohr.de\/m\/wp-content\/uploads\/2017\/11\/2016-pw-BI-e1517824109815-150x150.jpg 150w, https:\/\/maltespohr.de\/m\/wp-content\/uploads\/2017\/11\/2016-pw-BI-e1517824109815-300x298.jpg 300w, https:\/\/maltespohr.de\/m\/wp-content\/uploads\/2017\/11\/2016-pw-BI-e1517824109815-768x764.jpg 768w, https:\/\/maltespohr.de\/m\/wp-content\/uploads\/2017\/11\/2016-pw-BI-e1517824109815-256x256.jpg 256w, https:\/\/maltespohr.de\/m\/wp-content\/uploads\/2017\/11\/2016-pw-BI-e1517824109815.jpg 1406w\" sizes=\"auto, (max-width: 1024px) 100vw, 1024px\" \/><\/a><\/figure>\n\n\n\n<figure class=\"wp-block-image size-large\"><a href=\"https:\/\/maltespohr.de\/m\/wp-content\/uploads\/2017\/11\/2016-pw-BII-e1516216332288.jpg\"><img loading=\"lazy\" decoding=\"async\" width=\"1024\" height=\"1024\" data-id=\"166\" src=\"https:\/\/maltespohr.de\/m\/wp-content\/uploads\/2017\/11\/2016-pw-BII-e1516216332288-1024x1024.jpg\" alt=\"pw B II 2016\" class=\"wp-image-166\" srcset=\"https:\/\/maltespohr.de\/m\/wp-content\/uploads\/2017\/11\/2016-pw-BII-e1516216332288-1024x1024.jpg 1024w, https:\/\/maltespohr.de\/m\/wp-content\/uploads\/2017\/11\/2016-pw-BII-e1516216332288-150x150.jpg 150w, https:\/\/maltespohr.de\/m\/wp-content\/uploads\/2017\/11\/2016-pw-BII-e1516216332288-300x300.jpg 300w, https:\/\/maltespohr.de\/m\/wp-content\/uploads\/2017\/11\/2016-pw-BII-e1516216332288-768x768.jpg 768w, https:\/\/maltespohr.de\/m\/wp-content\/uploads\/2017\/11\/2016-pw-BII-e1516216332288-256x256.jpg 256w, https:\/\/maltespohr.de\/m\/wp-content\/uploads\/2017\/11\/2016-pw-BII-e1516216332288.jpg 1425w\" sizes=\"auto, (max-width: 1024px) 100vw, 1024px\" \/><\/a><\/figure>\n<\/figure>\n","protected":false},"excerpt":{"rendered":"<p>Das wachsende Eigenleben der begonnenen Zeichnung dr\u00e4ngt Spohr nicht zur\u00fcck, sondern l\u00e4sst zu, dass es die Zeichnung mitgestaltet. In seinen differenzierten und zugleich undefinierbaren Zeichnungen findet sich die aus der Quantenphysik bekannte Gleichzeitigkeit von mehreren Zust\u00e4nden wieder, das Sowohl-als-Auch steckt in der Parallelit\u00e4t von streng Konzeptuellem und frei Zuf\u00e4lligem. Mechthild Achelwilm Zufall und Ordnung in: [&hellip;]<\/p>\n","protected":false},"author":1,"featured_media":0,"parent":471,"menu_order":0,"comment_status":"closed","ping_status":"closed","template":"","meta":{"footnotes":""},"class_list":["post-94","page","type-page","status-publish","hentry","gallery-content-unit"],"_links":{"self":[{"href":"https:\/\/maltespohr.de\/m\/wp-json\/wp\/v2\/pages\/94","targetHints":{"allow":["GET"]}}],"collection":[{"href":"https:\/\/maltespohr.de\/m\/wp-json\/wp\/v2\/pages"}],"about":[{"href":"https:\/\/maltespohr.de\/m\/wp-json\/wp\/v2\/types\/page"}],"author":[{"embeddable":true,"href":"https:\/\/maltespohr.de\/m\/wp-json\/wp\/v2\/users\/1"}],"replies":[{"embeddable":true,"href":"https:\/\/maltespohr.de\/m\/wp-json\/wp\/v2\/comments?post=94"}],"version-history":[{"count":39,"href":"https:\/\/maltespohr.de\/m\/wp-json\/wp\/v2\/pages\/94\/revisions"}],"predecessor-version":[{"id":1506,"href":"https:\/\/maltespohr.de\/m\/wp-json\/wp\/v2\/pages\/94\/revisions\/1506"}],"up":[{"embeddable":true,"href":"https:\/\/maltespohr.de\/m\/wp-json\/wp\/v2\/pages\/471"}],"wp:attachment":[{"href":"https:\/\/maltespohr.de\/m\/wp-json\/wp\/v2\/media?parent=94"}],"curies":[{"name":"wp","href":"https:\/\/api.w.org\/{rel}","templated":true}]}}